[INFO] cloning repository https://github.com/rsumner31/badtouch2
[INFO] running `Command { std: "git" "-c" "credential.helper=" "-c" "credential.helper=/workspace/cargo-home/bin/git-credential-null" "clone" "--bare" "https://github.com/rsumner31/badtouch2" "/workspace/cache/git-repos/https%3A%2F%2Fgithub.com%2Frsumner31%2Fbadtouch2", kill_on_drop: false }`
[INFO] [stderr] Cloning into bare repository '/workspace/cache/git-repos/https%3A%2F%2Fgithub.com%2Frsumner31%2Fbadtouch2'...
[INFO] running `Command { std: "git" "rev-parse" "HEAD", kill_on_drop: false }`
[INFO] [stdout] d667f9fd8c2070db3fd8a7c74e720b43903a15b0
[INFO] checking rsumner31/badtouch2 against try#72f88fc4e9458f89516a0b8b0868f3718aec5b47 for pr-74989
[INFO] running `Command { std: "git" "clone" "/workspace/cache/git-repos/https%3A%2F%2Fgithub.com%2Frsumner31%2Fbadtouch2" "/workspace/builds/worker-7/source", kill_on_drop: false }`
[INFO] [stderr] Cloning into '/workspace/builds/worker-7/source'...
[INFO] [stderr] done.
[INFO] validating manifest of git repo https://github.com/rsumner31/badtouch2 on toolchain 72f88fc4e9458f89516a0b8b0868f3718aec5b47
[INFO] running `Command { std: "/workspace/cargo-home/bin/cargo" "+72f88fc4e9458f89516a0b8b0868f3718aec5b47" "read-manifest" "--manifest-path" "Cargo.toml", kill_on_drop: false }`
[INFO] started tweaking git repo https://github.com/rsumner31/badtouch2
[INFO] finished tweaking git repo https://github.com/rsumner31/badtouch2
[INFO] tweaked toml for git repo https://github.com/rsumner31/badtouch2 written to /workspace/builds/worker-7/source/Cargo.toml
[INFO] crate git repo https://github.com/rsumner31/badtouch2 already has a lockfile, it will not be regenerated
[INFO] running `Command { std: "/workspace/cargo-home/bin/cargo" "+72f88fc4e9458f89516a0b8b0868f3718aec5b47" "fetch" "--locked" "--manifest-path" "Cargo.toml", kill_on_drop: false }`
[INFO] [stderr]  Downloading crates ...
[INFO] [stderr]   Downloaded uuid v0.5.1
[INFO] [stderr]   Downloaded scoped-tls v0.1.1
[INFO] [stderr]   Downloaded lazycell v0.6.0
[INFO] [stderr]   Downloaded backtrace-sys v0.1.16
[INFO] [stderr]   Downloaded url v1.7.0
[INFO] [stderr]   Downloaded tokio-tls v0.1.4
[INFO] [stderr]   Downloaded log v0.3.9
[INFO] [stderr]   Downloaded futures v0.1.18
[INFO] [stderr]   Downloaded core-foundation-sys v0.2.3
[INFO] [stderr]   Downloaded security-framework v0.1.16
[INFO] [stderr]   Downloaded security-framework-sys v0.1.16
[INFO] [stderr]   Downloaded vcpkg v0.2.2
[INFO] [stderr]   Downloaded itoa v0.3.4
[INFO] [stderr]   Downloaded dtoa v0.4.2
[INFO] [stderr]   Downloaded version_check v0.1.3
[INFO] [stderr]   Downloaded siphasher v0.2.2
[INFO] [stderr]   Downloaded unicase v2.1.0
[INFO] [stderr]   Downloaded tokio-service v0.1.0
[INFO] [stderr]   Downloaded httparse v1.2.4
[INFO] [stderr]   Downloaded base64 v0.9.0
[INFO] [stderr]   Downloaded relay v0.1.1
[INFO] [stderr]   Downloaded thread_local v0.3.5
[INFO] [stderr]   Downloaded num-iter v0.1.35
[INFO] [stderr]   Downloaded bit-vec v0.4.4
[INFO] [stderr]   Downloaded humantime v1.1.1
[INFO] [stderr]   Downloaded quick-error v1.2.1
[INFO] [stderr]   Downloaded sha1 v0.2.0
[INFO] [stderr]   Downloaded rustc-demangle v0.1.7
[INFO] [stderr]   Downloaded unicode-width v0.1.4
[INFO] [stderr]   Downloaded openssl v0.9.24
[INFO] [stderr]   Downloaded colored v1.6.0
[INFO] [stderr]   Downloaded safemem v0.2.0
[INFO] [stderr]   Downloaded adler32 v1.0.2
[INFO] [stderr]   Downloaded language-tags v0.2.2
[INFO] [stderr]   Downloaded crc v1.7.0
[INFO] [stderr]   Downloaded backtrace v0.3.5
[INFO] [stderr]   Downloaded byteorder v1.2.1
[INFO] [stderr]   Downloaded utf8-ranges v1.0.0
[INFO] [stderr]   Downloaded num-integer v0.1.36
[INFO] [stderr]   Downloaded build_const v0.2.0
[INFO] [stderr]   Downloaded lua52-sys v0.1.1
[INFO] [stderr]   Downloaded reqwest v0.8.5
[INFO] [stderr]   Downloaded encoding_rs v0.7.2
[INFO] [stderr]   Downloaded tokio-threadpool v0.1.0
[INFO] [stderr]   Downloaded tokio v0.1.3
[INFO] [stderr]   Downloaded crossbeam-epoch v0.4.0
[INFO] [stderr]   Downloaded hyper v0.11.22
[INFO] [stderr]   Downloaded phf_codegen v0.7.21
[INFO] [stderr]   Downloaded atoi v0.2.3
[INFO] [stderr]   Downloaded twox-hash v1.1.0
[INFO] [stderr]   Downloaded regex v0.2.9
[INFO] [stderr]   Downloaded cfg-if v0.1.2
[INFO] [stderr]   Downloaded serde_json v1.0.11
[INFO] [stderr]   Downloaded mysql v12.2.0
[INFO] [stderr]   Downloaded crossbeam-deque v0.3.0
[INFO] [stderr]   Downloaded tokio-core v0.1.15
[INFO] [stderr]   Downloaded tokio-executor v0.1.0
[INFO] [stderr]   Downloaded unicode-normalization v0.1.5
[INFO] [stderr]   Downloaded gcc v0.3.54
[INFO] [stderr]   Downloaded named_pipe v0.2.4
[INFO] [stderr]   Downloaded tokio-reactor v0.1.0
[INFO] [stderr]   Downloaded hlua v0.4.1
[INFO] [stderr]   Downloaded serde v1.0.33
[INFO] [stderr]   Downloaded ucd-util v0.1.1
[INFO] [stderr]   Downloaded mysql_common v0.5.0
[INFO] [stderr]   Downloaded bufstream v0.1.3
[INFO] [stderr]   Downloaded take v0.1.0
[INFO] [stderr]   Downloaded smallvec v0.4.4
[INFO] [stderr]   Downloaded nix v0.9.0
[INFO] [stderr]   Downloaded aho-corasick v0.6.4
[INFO] [stderr]   Downloaded memchr v2.0.1
[INFO] [stderr]   Downloaded slab v0.3.0
[INFO] [stderr]   Downloaded num-traits v0.2.1
[INFO] [stderr]   Downloaded tokio-proto v0.1.1
[INFO] [stderr]   Downloaded smallvec v0.2.1
[INFO] [stderr]   Downloaded hyper-tls v0.1.2
[INFO] [stderr]   Downloaded libflate v0.1.14
[INFO] [stderr]   Downloaded phf v0.7.21
[INFO] [stderr]   Downloaded phf_generator v0.7.21
[INFO] [stderr]   Downloaded mime v0.3.5
[INFO] [stderr]   Downloaded pkg-config v0.3.9
[INFO] [stderr]   Downloaded phf_shared v0.7.21
[INFO] [stderr]   Downloaded mime_guess v2.0.0-alpha.4
[INFO] [stderr]   Downloaded cc v1.0.7
[INFO] [stderr]   Downloaded winapi v0.3.4
[INFO] [stderr]   Downloaded serde_urlencoded v0.5.1
[INFO] [stderr]   Downloaded regex-syntax v0.5.3
[INFO] [stderr]   Downloaded pbr v1.0.0
[INFO] [stderr]   Downloaded libc v0.2.39
[INFO] [stderr]   Downloaded schannel v0.1.11
[INFO] [stderr]   Downloaded openssl-sys v0.9.27
[INFO] [stderr]   Downloaded lazy_static v1.0.0
[INFO] [stderr]   Downloaded core-foundation v0.2.3
[INFO] [stderr]   Downloaded remove_dir_all v0.3.0
[INFO] [stderr]   Downloaded tempdir v0.3.6
[INFO] [stderr]   Downloaded threadpool v1.7.1
[INFO] [stderr]   Downloaded native-tls v0.1.5
[INFO] [stderr]   Downloaded matches v0.1.6
[INFO] [stderr]   Downloaded rand v0.4.2
[INFO] [stderr]   Downloaded syn v0.12.14
[INFO] [stderr]   Downloaded structopt v0.2.5
[INFO] [stderr]   Downloaded clap v2.31.1
[INFO] [stderr]   Downloaded structopt-derive v0.2.5
[INFO] [stderr]   Downloaded net2 v0.2.32
[INFO] [stderr]   Downloaded mio v0.6.14
[INFO] [stderr]   Downloaded slab v0.4.0
[INFO] [stderr]   Downloaded bytes v0.4.6
[INFO] [stderr]   Downloaded log v0.4.1
[INFO] [stderr]   Downloaded termion v1.5.1
[INFO] [stderr]   Downloaded atty v0.2.8
[INFO] [stderr]   Downloaded bitflags v1.0.1
[INFO] [stderr]   Downloaded textwrap v0.9.0
[INFO] [stderr]   Downloaded proc-macro2 v0.2.3
[INFO] [stderr]   Downloaded quote v0.4.2
[INFO] [stderr]   Downloaded redox_syscall v0.1.37
[INFO] [stderr]   Downloaded tokio-io v0.1.6
[INFO] [stderr]   Downloaded time v0.1.39
[INFO] [stderr]   Downloaded idna v0.1.4
[INFO] [stderr]   Downloaded redox_termios v0.1.1
[INFO] [stderr]   Downloaded strsim v0.7.0
[INFO] [stderr]   Downloaded vec_map v0.8.0
[INFO] running `Command { std: "docker" "create" "-v" "/var/lib/crater-agent-workspace/builds/worker-7/target:/opt/rustwide/target:rw,Z" "-v" "/var/lib/crater-agent-workspace/builds/worker-7/source:/opt/rustwide/workdir:ro,Z" "-v" "/var/lib/crater-agent-workspace/cargo-home:/opt/rustwide/cargo-home:ro,Z" "-v" "/var/lib/crater-agent-workspace/rustup-home:/opt/rustwide/rustup-home:ro,Z" "-e" "SOURCE_DIR=/opt/rustwide/workdir" "-e" "CARGO_TARGET_DIR=/opt/rustwide/target" "-e" "CARGO_HOME=/opt/rustwide/cargo-home" "-e" "RUSTUP_HOME=/opt/rustwide/rustup-home" "-w" "/opt/rustwide/workdir" "-m" "1610612736" "--user" "0:0" "--network" "none" "rustops/crates-build-env@sha256:d92eaeed33fa75130ca1ee6c8a01d1ffb62bac859dfdfb3450e3e5d1c0146529" "/opt/rustwide/cargo-home/bin/cargo" "+72f88fc4e9458f89516a0b8b0868f3718aec5b47" "metadata" "--no-deps" "--format-version=1", kill_on_drop: false }`
[INFO] [stdout] e30a4dc9dfc46966c6d662114ccb44b6c957e0f0a4ef24563e907c2cabcfc85a
[INFO] [stderr] WARNING: Your kernel does not support swap limit capabilities or the cgroup is not mounted. Memory limited without swap.
[INFO] running `Command { std: "docker" "start" "-a" "e30a4dc9dfc46966c6d662114ccb44b6c957e0f0a4ef24563e907c2cabcfc85a", kill_on_drop: false }`
[INFO] running `Command { std: "docker" "inspect" "e30a4dc9dfc46966c6d662114ccb44b6c957e0f0a4ef24563e907c2cabcfc85a", kill_on_drop: false }`
[INFO] running `Command { std: "docker" "rm" "-f" "e30a4dc9dfc46966c6d662114ccb44b6c957e0f0a4ef24563e907c2cabcfc85a", kill_on_drop: false }`
[INFO] [stdout] e30a4dc9dfc46966c6d662114ccb44b6c957e0f0a4ef24563e907c2cabcfc85a
[INFO] running `Command { std: "docker" "create" "-v" "/var/lib/crater-agent-workspace/builds/worker-7/target:/opt/rustwide/target:rw,Z" "-v" "/var/lib/crater-agent-workspace/builds/worker-7/source:/opt/rustwide/workdir:ro,Z" "-v" "/var/lib/crater-agent-workspace/cargo-home:/opt/rustwide/cargo-home:ro,Z" "-v" "/var/lib/crater-agent-workspace/rustup-home:/opt/rustwide/rustup-home:ro,Z" "-e" "SOURCE_DIR=/opt/rustwide/workdir" "-e" "CARGO_TARGET_DIR=/opt/rustwide/target" "-e" "CARGO_INCREMENTAL=0" "-e" "RUST_BACKTRACE=full" "-e" "RUSTFLAGS=--cap-lints=forbid" "-e" "CARGO_HOME=/opt/rustwide/cargo-home" "-e" "RUSTUP_HOME=/opt/rustwide/rustup-home" "-w" "/opt/rustwide/workdir" "-m" "1610612736" "--user" "0:0" "--network" "none" "rustops/crates-build-env@sha256:d92eaeed33fa75130ca1ee6c8a01d1ffb62bac859dfdfb3450e3e5d1c0146529" "/opt/rustwide/cargo-home/bin/cargo" "+72f88fc4e9458f89516a0b8b0868f3718aec5b47" "check" "--frozen" "--all" "--all-targets" "--message-format=json", kill_on_drop: false }`
[INFO] [stdout] e8e88e6c435670c54f91c7f9aa9899f99a957c8850c3991bb9c37ff8026a9a86
[INFO] [stderr] WARNING: Your kernel does not support swap limit capabilities or the cgroup is not mounted. Memory limited without swap.
[INFO] running `Command { std: "docker" "start" "-a" "e8e88e6c435670c54f91c7f9aa9899f99a957c8850c3991bb9c37ff8026a9a86", kill_on_drop: false }`
[INFO] [stderr]     Blocking waiting for file lock on package cache
[INFO] [stderr]     Checking libc v0.2.39
[INFO] [stderr]     Checking cfg-if v0.1.2
[INFO] [stderr]    Compiling version_check v0.1.3
[INFO] [stderr]     Checking lazy_static v0.2.11
[INFO] [stderr]     Checking futures v0.1.18
[INFO] [stderr]    Compiling pkg-config v0.3.9
[INFO] [stderr]     Checking nodrop v0.1.12
[INFO] [stderr]     Checking scopeguard v0.3.3
[INFO] [stderr]     Checking memoffset v0.2.1
[INFO] [stderr]     Checking slab v0.4.0
[INFO] [stderr]     Checking bitflags v0.9.1
[INFO] [stderr]    Compiling openssl v0.9.24
[INFO] [stderr]     Checking percent-encoding v1.0.1
[INFO] [stderr]     Checking void v1.0.2
[INFO] [stderr]     Checking matches v0.1.6
[INFO] [stderr]     Checking unicode-normalization v0.1.5
[INFO] [stderr]     Checking serde v1.0.33
[INFO] [stderr]    Compiling unicode-xid v0.1.0
[INFO] [stderr]     Checking dtoa v0.4.2
[INFO] [stderr]     Checking ucd-util v0.1.1
[INFO] [stderr]     Checking slab v0.3.0
[INFO] [stderr]    Compiling regex v0.2.9
[INFO] [stderr]     Checking safemem v0.2.0
[INFO] [stderr]    Compiling gcc v0.3.54
[INFO] [stderr]     Checking httparse v1.2.4
[INFO] [stderr]     Checking utf8-ranges v1.0.0
[INFO] [stderr]     Checking smallvec v0.4.4
[INFO] [stderr]     Checking strsim v0.7.0
[INFO] [stderr]     Checking bit-vec v0.4.4
[INFO] [stderr]     Checking sha1 v0.2.0
[INFO] [stderr]     Checking fnv v1.0.6
[INFO] [stderr]     Checking log v0.4.1
[INFO] [stderr]     Checking crossbeam-utils v0.2.2
[INFO] [stderr]     Checking encoding_rs v0.7.2
[INFO] [stderr]     Checking arrayvec v0.4.7
[INFO] [stderr]     Checking colored v1.6.0
[INFO] [stderr]     Checking unicode-bidi v0.3.4
[INFO] [stderr]     Checking unreachable v1.0.0
[INFO] [stderr]     Checking textwrap v0.9.0
[INFO] [stderr]    Compiling proc-macro2 v0.2.3
[INFO] [stderr]     Checking base64 v0.9.0
[INFO] [stderr]     Checking regex-syntax v0.5.3
[INFO] [stderr]    Compiling unicase v1.4.2
[INFO] [stderr]    Compiling unicase v2.1.0
[INFO] [stderr]     Checking rand v0.4.2
[INFO] [stderr]     Checking iovec v0.1.2
[INFO] [stderr]     Checking num_cpus v1.8.0
[INFO] [stderr]     Checking net2 v0.2.32
[INFO] [stderr]     Checking time v0.1.39
[INFO] [stderr]     Checking memchr v2.0.1
[INFO] [stderr]     Checking atty v0.2.8
[INFO] [stderr]     Checking nix v0.9.0
[INFO] [stderr]    Compiling openssl-sys v0.9.27
[INFO] [stderr]     Checking backtrace-sys v0.1.16
[INFO] [stderr]     Checking log v0.3.9
[INFO] [stderr]     Checking thread_local v0.3.5
[INFO] [stderr]     Checking bytes v0.4.6
[INFO] [stderr]     Checking crossbeam-epoch v0.4.0
[INFO] [stderr]     Checking idna v0.1.4
[INFO] [stderr]     Checking threadpool v1.7.1
[INFO] [stderr]     Checking clap v2.31.1
[INFO] [stderr]     Checking aho-corasick v0.6.4
[INFO] [stderr]     Checking backtrace v0.3.5
[INFO] [stderr]     Checking mio v0.6.14
[INFO] [stderr]    Compiling quote v0.4.2
[INFO] [stderr]     Checking chrono v0.4.0
[INFO] [stderr]     Checking pbr v1.0.0
[INFO] [stderr]     Checking crossbeam-deque v0.3.0
[INFO] [stderr]     Checking rand v0.3.22
[INFO] [stderr]     Checking error-chain v0.11.0
[INFO] [stderr]     Checking tokio-executor v0.1.0
[INFO] [stderr]     Checking tokio-io v0.1.6
[INFO] [stderr]     Checking tokio-service v0.1.0
[INFO] [stderr]     Checking relay v0.1.1
[INFO] [stderr]     Checking futures-cpupool v0.1.8
[INFO] [stderr]    Compiling syn v0.12.14
[INFO] [stderr]    Compiling phf_shared v0.7.21
[INFO] [stderr]     Checking mime v0.3.5
[INFO] [stderr]    Compiling lua52-sys v0.1.1
[INFO] [stderr]     Checking uuid v0.5.1
[INFO] [stderr]     Checking twox-hash v1.1.0
[INFO] [stderr]     Checking tokio-threadpool v0.1.0
[INFO] [stderr]     Checking url v1.7.0
[INFO] [stdout] error[E0214]: parenthesized type parameters may only be used with a `Fn` trait
[INFO] [stdout]   --> /opt/rustwide/cargo-home/registry/src/github.com-1ecc6299db9ec823/twox-hash-1.1.0/src/number_streams.rs:67:23
[INFO] [stdout]    |
[INFO] [stdout] 67 |     fn count(self) -> usize() {
[INFO] [stdout]    |                       ^^^^^^^ only `Fn` traits may use parentheses
[INFO] [stdout] ...
[INFO] [stdout] 74 | number_stream!(U32FromBytes, u32, U32_BYTES);
[INFO] [stdout]    | --------------------------------------------- in this macro invocation
[INFO] [stdout]    |
[INFO] [stdout]    = note: this error originates in a macro (in Nightly builds, run with -Z macro-backtrace for more info)
[INFO] [stdout] 
[INFO] [stdout] 
[INFO] [stdout] error[E0214]: parenthesized type parameters may only be used with a `Fn` trait
[INFO] [stdout]   --> /opt/rustwide/cargo-home/registry/src/github.com-1ecc6299db9ec823/twox-hash-1.1.0/src/number_streams.rs:67:23
[INFO] [stdout]    |
[INFO] [stdout] 67 |     fn count(self) -> usize() {
[INFO] [stdout]    |                       ^^^^^^^ only `Fn` traits may use parentheses
[INFO] [stdout] ...
[INFO] [stdout] 75 | number_stream!(U64FromBytes, u64, U64_BYTES);
[INFO] [stdout]    | --------------------------------------------- in this macro invocation
[INFO] [stdout]    |
[INFO] [stdout]    = note: this error originates in a macro (in Nightly builds, run with -Z macro-backtrace for more info)
[INFO] [stdout] 
[INFO] [stdout] 
[INFO] [stderr] error: failed to run custom build command for `openssl v0.9.24`
[INFO] [stderr] 
[INFO] [stderr] Caused by:
[INFO] [stderr]   process didn't exit successfully: `/opt/rustwide/target/debug/build/openssl-b9e5c429783a77ba/build-script-build` (exit code: 101)
[INFO] [stderr]   --- stderr
[INFO] [stderr]   thread 'main' panicked at 'Unable to detect OpenSSL version', /opt/rustwide/cargo-home/registry/src/github.com-1ecc6299db9ec823/openssl-0.9.24/build.rs:16:14
[INFO] [stderr]   stack backtrace:
[INFO] [stderr]      0:     0x564585da18d0 - std::backtrace_rs::backtrace::libunwind::trace::h452faf99f32e7c93
[INFO] [stderr]                                  at /rustc/72f88fc4e9458f89516a0b8b0868f3718aec5b47/library/std/src/../../backtrace/src/backtrace/libunwind.rs:96
[INFO] [stderr]      1:     0x564585da18d0 - std::backtrace_rs::backtrace::trace_unsynchronized::he40edc71437667a1
[INFO] [stderr]                                  at /rustc/72f88fc4e9458f89516a0b8b0868f3718aec5b47/library/std/src/../../backtrace/src/backtrace/mod.rs:66
[INFO] [stderr]      2:     0x564585da18d0 - std::sys_common::backtrace::_print_fmt::h6c51d6ade71f46bf
[INFO] [stderr]                                  at /rustc/72f88fc4e9458f89516a0b8b0868f3718aec5b47/library/std/src/sys_common/backtrace.rs:79
[INFO] [stderr]      3:     0x564585da18d0 - <std::sys_common::backtrace::_print::DisplayBacktrace as core::fmt::Display>::fmt::h3cd15d7003dec37a
[INFO] [stderr]                                  at /rustc/72f88fc4e9458f89516a0b8b0868f3718aec5b47/library/std/src/sys_common/backtrace.rs:58
[INFO] [stderr]      4:     0x564585dba55c - core::fmt::write::h1857a60b204f1b6a
[INFO] [stderr]                                  at /rustc/72f88fc4e9458f89516a0b8b0868f3718aec5b47/library/core/src/fmt/mod.rs:1080
[INFO] [stderr]      5:     0x564585d9fec7 - std::io::Write::write_fmt::hac61caff894c35ae
[INFO] [stderr]                                  at /rustc/72f88fc4e9458f89516a0b8b0868f3718aec5b47/library/std/src/io/mod.rs:1517
[INFO] [stderr]      6:     0x564585da39e0 - std::sys_common::backtrace::_print::haa2f390fb7957e3e
[INFO] [stderr]                                  at /rustc/72f88fc4e9458f89516a0b8b0868f3718aec5b47/library/std/src/sys_common/backtrace.rs:61
[INFO] [stderr]      7:     0x564585da39e0 - std::sys_common::backtrace::print::h48c7cbbad9013bb1
[INFO] [stderr]                                  at /rustc/72f88fc4e9458f89516a0b8b0868f3718aec5b47/library/std/src/sys_common/backtrace.rs:48
[INFO] [stderr]      8:     0x564585da39e0 - std::panicking::default_hook::{{closure}}::h8b7ff05a31e71d55
[INFO] [stderr]                                  at /rustc/72f88fc4e9458f89516a0b8b0868f3718aec5b47/library/std/src/panicking.rs:208
[INFO] [stderr]      9:     0x564585da372c - std::panicking::default_hook::h2f00c78800d98e4c
[INFO] [stderr]                                  at /rustc/72f88fc4e9458f89516a0b8b0868f3718aec5b47/library/std/src/panicking.rs:227
[INFO] [stderr]     10:     0x564585da4043 - std::panicking::rust_panic_with_hook::h4eaa635e4694aef3
[INFO] [stderr]                                  at /rustc/72f88fc4e9458f89516a0b8b0868f3718aec5b47/library/std/src/panicking.rs:577
[INFO] [stderr]     11:     0x564585d8ba18 - std::panicking::begin_panic::{{closure}}::h0c18a683a8bfb190
[INFO] [stderr]                                  at /rustc/72f88fc4e9458f89516a0b8b0868f3718aec5b47/library/std/src/panicking.rs:506
[INFO] [stderr]     12:     0x564585d8bc98 - std::sys_common::backtrace::__rust_end_short_backtrace::hd3f50504e8d932f1
[INFO] [stderr]                                  at /rustc/72f88fc4e9458f89516a0b8b0868f3718aec5b47/library/std/src/sys_common/backtrace.rs:153
[INFO] [stderr]     13:     0x564585d8b943 - std::panicking::begin_panic::hd9fed37094d50b82
[INFO] [stderr]                                  at /rustc/72f88fc4e9458f89516a0b8b0868f3718aec5b47/library/std/src/panicking.rs:505
[INFO] [stderr]     14:     0x564585d8c9f1 - build_script_build::main::hb8b293e19c995f6c
[INFO] [stderr]                                  at /opt/rustwide/cargo-home/registry/src/github.com-1ecc6299db9ec823/openssl-0.9.24/build.rs:16
[INFO] [stderr]     15:     0x564585d8e67b - core::ops::function::FnOnce::call_once::h291dc5b08293dbbd
[INFO] [stderr]                                  at /rustc/72f88fc4e9458f89516a0b8b0868f3718aec5b47/library/core/src/ops/function.rs:227
[INFO] [stderr]     16:     0x564585d8bcce - std::sys_common::backtrace::__rust_begin_short_backtrace::he1a57c1ecfccef30
[INFO] [stderr]                                  at /rustc/72f88fc4e9458f89516a0b8b0868f3718aec5b47/library/std/src/sys_common/backtrace.rs:137
[INFO] [stderr]     17:     0x564585d8bd71 - std::rt::lang_start::{{closure}}::h46f1a19113732ad4
[INFO] [stderr]                                  at /rustc/72f88fc4e9458f89516a0b8b0868f3718aec5b47/library/std/src/rt.rs:66
[INFO] [stderr]     18:     0x564585da4441 - core::ops::function::impls::<impl core::ops::function::FnOnce<A> for &F>::call_once::hecc21eb9018cc197
[INFO] [stderr]                                  at /rustc/72f88fc4e9458f89516a0b8b0868f3718aec5b47/library/core/src/ops/function.rs:259
[INFO] [stderr]     19:     0x564585da4441 - std::panicking::try::do_call::h174ad655d084b5c7
[INFO] [stderr]                                  at /rustc/72f88fc4e9458f89516a0b8b0868f3718aec5b47/library/std/src/panicking.rs:381
[INFO] [stderr]     20:     0x564585da4441 - std::panicking::try::h479e6054ce28de10
[INFO] [stderr]                                  at /rustc/72f88fc4e9458f89516a0b8b0868f3718aec5b47/library/std/src/panicking.rs:345
[INFO] [stderr]     21:     0x564585da4441 - std::panic::catch_unwind::hb558ddea2b3e9c45
[INFO] [stderr]                                  at /rustc/72f88fc4e9458f89516a0b8b0868f3718aec5b47/library/std/src/panic.rs:382
[INFO] [stderr]     22:     0x564585da4441 - std::rt::lang_start_internal::h163149047f0a8b61
[INFO] [stderr]                                  at /rustc/72f88fc4e9458f89516a0b8b0868f3718aec5b47/library/std/src/rt.rs:51
[INFO] [stderr]     23:     0x564585d8bd47 - std::rt::lang_start::h72c9b2f90372d5d1
[INFO] [stderr]                                  at /rustc/72f88fc4e9458f89516a0b8b0868f3718aec5b47/library/std/src/rt.rs:65
[INFO] [stderr]     24:     0x564585d8d15a - main
[INFO] [stderr]     25:     0x7f071c2920b3 - __libc_start_main
[INFO] [stderr]     26:     0x564585d8909e - _start
[INFO] [stderr]     27:                0x0 - <unknown>
[INFO] [stderr] warning: build failed, waiting for other jobs to finish...
[INFO] [stdout] error: aborting due to 2 previous errors
[INFO] [stdout] 
[INFO] [stdout] 
[INFO] [stdout] For more information about this error, try `rustc --explain E0214`.
[INFO] [stdout] 
[INFO] [stdout] error[E0713]: borrow may still be in use when destructor runs
[INFO] [stdout]    --> /opt/rustwide/cargo-home/registry/src/github.com-1ecc6299db9ec823/url-1.7.0/src/form_urlencoded.rs:261:40
[INFO] [stdout]     |
[INFO] [stdout] 259 | impl<'a> Target for ::UrlQuery<'a> {
[INFO] [stdout]     |      -- lifetime `'a` defined here
[INFO] [stdout] 260 |     fn as_mut_string(&mut self) -> &mut String { &mut self.url.serialization }
[INFO] [stdout] 261 |     fn finish(self) -> &'a mut ::Url { self.url }
[INFO] [stdout]     |                                        ^^^^^^^^ - here, drop of `self` needs exclusive access to `*self.url`, because the type `UrlQuery<'_>` implements the `Drop` trait
[INFO] [stdout]     |                                        |
[INFO] [stdout]     |                                        returning this value requires that `*self.url` is borrowed for `'a`
[INFO] [stdout] 
[INFO] [stdout] 
[INFO] [stdout] error: aborting due to previous error
[INFO] [stdout] 
[INFO] [stdout] 
[INFO] [stdout] For more information about this error, try `rustc --explain E0713`.
[INFO] [stdout] 
[INFO] [stderr] error: build failed
[INFO] running `Command { std: "docker" "inspect" "e8e88e6c435670c54f91c7f9aa9899f99a957c8850c3991bb9c37ff8026a9a86", kill_on_drop: false }`
[INFO] running `Command { std: "docker" "rm" "-f" "e8e88e6c435670c54f91c7f9aa9899f99a957c8850c3991bb9c37ff8026a9a86", kill_on_drop: false }`
[INFO] [stdout] e8e88e6c435670c54f91c7f9aa9899f99a957c8850c3991bb9c37ff8026a9a86
